tive of -2*g**3/3 + 11*g**2/2 + 5*g. Let s(l) = 2*t(l) + 3*x(l). What are the prime factors of s(-10)?
29
Let x = 713 - 562. List the prime factors of x.
151
Suppose 27*x = 22*x + 265. What are the prime factors of x?
53
Suppose -13514 = -252*u + 223*u. List the prime factors of u.
2, 233
Let j(h) = 263*h**2 - 6*h + 1. What are the prime factors of j(1)?
2, 3, 43
Let s = 1392 + -839. List the prime factors of s.
7, 79
Suppose -5*v - 4*w = -11246, 22*v = 25*v + 5*w - 6745. List the prime factors of v.
2, 3, 5
Let w be (0/(-2))/(-5 + 3). Suppose -2*g = -5*y + 2*g + 35, 3*y - 5*g - 34 = w. Suppose y*x - x = 26. What are the prime factors of x?
13
Let s = 395 - 254. Let v = -99 + s. List the prime factors of v.
2, 3, 7
List the prime factors of 1163 + (-5 - 5)*(-6)/(-12).
2, 3, 193
Let j be (-10)/6*(-5)/(150/36). Suppose j*z - m = 38, 6*m - 8 = -z + m. List the prime factors of z.
2, 3
Let v(r) = -7*r + 13. List the prime factors of v(-5).
2, 3
Let d(k) = -k**2 + 7*k + 5. Let p(x) = 5*x**3 + 2*x - 1. Let q be p(1). Let i be (-20)/q*(-21)/14. What are the prime factors of d(i)?
3, 5
List the prime factors of (-3 - 25/(-5)) + 4 - -1484.
2, 5, 149
Let w(d) = -17*d**3 - d**2 - 2*d. Let f be w(2). Let s = 210 + f. List the prime factors of s.
2, 3, 11
Let h(l) = -1 + l + 2 + 4. Let g be h(-4). Let k = g + 4. List the prime factors of k.
5
Let r(i) = 9*i**2 + 14*i - 48. What are the prime factors of r(7)?
491
Suppose -135 = -2*b + 5*d, 3*b + d = b + 117. What are the prime factors of 146 + 2/17 + b/68?
3, 7
Let p(v) = -v**3 - 4*v**2 + 9*v - 4. Let z be p(-5). Let l = 27 + z. Suppose 0 = 4*c + m - 72, -c + l*c = 5*m + 14. List the prime factors of c.
17
Suppose 2*x - p - 3*p + 4 = 0, -5*p + 5 = -5*x. Let k be 2 - (-2 - x)*-3. List the prime factors of k*(-1)/(1 + 0).
2
Let a = 49 - 46. Suppose -h + 6*h - 476 = -a*k, h + 4*k - 85 = 0. What are the prime factors of h?
97
Let h(q) = 22*q - 17. Let z be (-5)/(-1) + (4 - 7) + 7. List the prime factors of h(z).
181
Let g(j) = j + 27. Let l(y) = y**3 + 6*y**2 + 4*y + 5. Let r be l(-4). Let a = r + -34. What are the prime factors of g(a)?
2, 7
Let n = 50 + -34. Let r(d) = d + 75. Let a be r(0). List the prime factors of (a/(-12))/((-4)/n).
5
Let f(m) = 14*m + 3. Let h be f(1). Suppose -2*c - c + 4*n = -h, -n = -c + 5. Suppose 102 = -j + c*j. What are the prime factors of j?
3, 17
Let g = -14 - -23. Let y = -9 + g. Suppose y = -4*z - 0 + 12. What are the prime factors of z?
3
Let w be (-2598)/(-24) + (-9)/(-12). Let l = w - 91. List the prime factors of l.
2, 3
Let p(a) = 2 + a**3 - 3*a + 6*a - 5 + 7*a**2. List the prime factors of p(-5).
2
Suppose 24 - 14 = 2*f. Suppose -2*o + 378 = -f*k, 2 + 6 = -4*k. List the prime factors of o.
2, 23
Let t be 6 + 0 + (-2)/1. Suppose 3*p - 8 = -w - 3, -4*w = t*p - 20. What are the prime factors of (p + -7)*(-30)/7?
2, 3, 5
Suppose 2*p - 1809 = 1233. List the prime factors of p.
3, 13
Suppose 3*b + 13 = 4*s - 10, 9 = 2*s + b. Suppose 5 = -4*j - w + 2, -s*w = 15. Suppose 5*c - 50 = -5*m - 0*c, j = 2*m - 5*c - 34. List the prime factors of m.
2, 3
Let i(k) = -k - 6. Let b be i(-8). Suppose -o - b = -16. Suppose 34 = 4*w - o. List the prime factors of w.
2, 3
Suppose 4*k - r - 340 = 3*r, 2*r = -k + 91. Suppose 2*p + 2*u = 66, -33 = -p + 5*u - 4*u. Let q = k - p. List the prime factors of q.
2, 3
Let l = 9 + -7. Suppose -l*v - 29 = 23. Let w = -5 - v. What are the prime factors of w?
3, 7
Let n(a) = -a**2 - 14*a + 2115. List the prime factors of n(0).
3, 5, 47
Let f(z) = 29*z**2 - z + 12. What are the prime factors of f(3)?
2, 3, 5
Suppose 0 = 2*z + 28 - 6. List the prime factors of (-53)/z + 12/66.
5
Suppose -6*a = -4*a - 3*x - 3158, -7900 = -5*a + 5*x. List the prime factors of a.
2, 7, 113
Suppose 24*n = 29*n. Suppose 0 = 2*o - 2, -2*x + 2*o + n*o + 154 = 0. What are the prime factors of x?
2, 3, 13
Let r = -221 - -373. Let o = 278 - r. List the prime factors of o.
2, 3, 7
Suppose -8*u + 4*u + 32 = 0. Suppose -u*f - 78 = -398. What are the prime factors of f?
2, 5
Let n(i) = i - 1. Let q be n(1). Suppose 6*w - 5*w - 48 = q. List the prime factors of w.
2, 3
Let u = 420 + 593. What are the prime factors of u?
1013
Let h(d) = -d**3 + 11*d**2 + 23*d + 24. Let x be h(13). Let s(f) be the second derivative of -f**3/3 + 13*f**2/2 - f. List the prime factors of s(x).
43
Suppose 2*x - 89 = 3*p, -4*p - 45 = -x + 2. Suppose o = -j + 30, 3*j + 7 + x = 2*o. List the prime factors of o.
2, 7
Suppose 5*q - 6*f - 4005 = 2*q, 0 = 3*q - 4*f - 4015. List the prime factors of q.
5, 269
What are the prime factors of ((-12)/(-10))/(4/7220)?
2, 3, 19
Let s(k) = -k - 14. Let a be s(-21). Suppose -a*q = -147 - 357. List the prime factors of q.
2, 3
Let k(u) = u**2 - 19*u + 17. What are the prime factors of k(63)?
2789
Let l = 10 - 24. Let v = 42 + l. Suppose -2*t - v = p - 94, 4*p + 191 = 5*t. What are the prime factors of t?
5, 7
Suppose 1137 = h - 1059. What are the prime factors of h?
2, 3, 61
Suppose 0 = h - 0*h - 4. Suppose -w + 307 = h*l, -l + 61 = -0*l - 5*w. List the prime factors of l.
2, 19
Let p = -401 + 664. What are the prime factors of p?
263
List the prime factors of (1*(-1016)/12)/((-4)/270).
3, 5, 127
Let n = -1857 + 4292. List the prime factors of n.
5, 487
Suppose 0*b - 3*b = 4*t - 5, 4*t - 4*b = 40. Suppose t*z - z - 8 = 0. Let s = z + 27. List the prime factors of s.
29
Let k(y) = 11*y**2 + 18*y - 53. List the prime factors of k(10).
3, 409
Suppose 39*x = 45*x - 3264. What are the prime factors of x?
2, 17
Let q be 1*(-2)/5*-5. Suppose 0 = -q*v - 27 + 107. What are the prime factors of v/14 - 2/(-14)?
3
Let g(k) = -19*k + 3. Let l be 58/(-18) - (-4)/18. Let n be g(l). Suppose -3*o + 228 - n = 0. List the prime factors of o.
2, 7
Let z = 9119 - 6062. What are the prime factors of z?
3, 1019
Suppose 13*d - 7391 = -3*x + 8*d, 0 = -3*x - d + 7387. List the prime factors of x.
2, 1231
Let c be (-2)/(-6)*13 - (-6)/9. Suppose s - 6*s + 630 = c*v, s - 4*v - 101 = 0. List the prime factors of s.
11
Suppose -3*r = 17 - 5. Let w(x) = -x**2 - 4*x + 4. Let f be w(r). Let m(s) = s**3 - 2*s**2 + 3*s - 5. What are the prime factors of m(f)?
3, 13
Let n = 31 - 23. Suppose -4 - n = -4*a. Suppose 2*d - a*s = 12, 8*d - 4*d - 40 = 2*s. List the prime factors of d.
2, 3
Let p = 2212 + -494. What are the prime factors of p?
2, 859
Let n = 156 - -158. What are the prime factors of n?
2, 157
Suppose -w = -0*w - 12. Suppose 0 = 5*b - 2*b - w. Suppose b*f - 208 = -4*v, -5*v + 11 + 21 = f. List the prime factors of f.
3, 19
Let r(w) = -2*w**3 - 5*w**2 + w - 24. What are the prime factors of r(-7)?
2, 5, 41
Let u = 336 + -198. Let h be u/5 - 12/(-30). Suppose 4*v - 16 - h = 0. List the prime factors of v.
11
Let x = -175 + 734. What are the prime factors of x?
13, 43
Let p be 4178/9 - (-14)/(-441)*7. Let j = p + -292. List the prime factors of j.
2, 43
Suppose -41*c + 34*c = -3108. List the prime factors of c.
2, 3, 37
Let g = 32 + -6. Let t = g + -21. Suppose 4*h = -t*w + 78, 3*w + 2*h = -3*h + 52. What are the prime factors of w?
2, 7
Let m(p) = -4*p**3 - p**2 + 1. Suppose 2*n - 4*v - 6 = 0, -5*v = -0*v + 10. Let y be m(n). List the prime factors of y/10 + (-459)/(-15).
31
Suppose 3253*z + 9280 = 3258*z. List the prime factors of z.
2, 29
Suppose -5085 = -2*k - 1783. What are the prime factors of k?
13, 127
Suppose m - 2*l - 3702 = 0, -33*l = -32*l. List the prime factors of m.
2, 3, 617
What are the prime factors of (-2)/(-7) - 7/((-588)/33828)?
13, 31
What are the prime factors of (-11555)/(-20) + 3/12?
2, 17
Let z = 21 + -18. Suppose 2*a - 3*n - 104 = 0, a - 52 = z*n + 6. What are the prime factors of a?
2, 23
Let b(h) = 2*h**2 - 7*h - 10. Let c(f) = -5*f**2 + 15*f + 21. Let i(u) = -7*b(u) - 3*c(u). Suppose 3*q + 9 + 6 = 0. List the prime factors of i(q).
2, 3
Let t(i) = i + 5. Let j(f) = -f - 10. Let y(w) = -4*j(w) - 9*t(w). Let o be (-18 - -8)*1/2. What are the prime factors of y(o)?
2, 5
Let o be ((-2)/1)/((-66)/24 - -3). Let h be 3/6 + 106/4. Let u = h + o. What are the prime factors of u?
19
Let y(k) = 5*k**3 - 9*k**2 - 15*k + 41. List the prime factors of y(8).
3, 5, 127
Suppose 0 - 15 = -5*j. Suppose -v = -j*i - 0*v + 38, -3*i + 46 = v. Suppose -2 = 3*y - i, 64 = 2*p - 2*y. List the prime fact